{"id":642,"date":"2026-03-26T08:34:52","date_gmt":"2026-03-26T08:34:52","guid":{"rendered":"https:\/\/www.andelskamartina.cz\/?page_id=642"},"modified":"2026-03-26T09:38:43","modified_gmt":"2026-03-26T09:38:43","slug":"spunkvan","status":"publish","type":"page","link":"https:\/\/www.andelskamartina.cz\/index.php\/digitalni-tvorba\/spunkvan\/","title":{"rendered":"\u0160punkva\u0148"},"content":{"rendered":"\n<p>\u0160punkva\u0148 se stal tak trochu legendou. Z p\u016fvodn\u00edho obrazu vznikla postavi\u010dka s posl\u00e1n\u00edm \u2014 zachovat \u00fasm\u011bv na tv\u00e1\u0159i a klidnou mysl. M\u00e1 sv\u016fj vlastn\u00ed <a href=\"https:\/\/www.instagram.com\/spunkvan?igsh=MTJib2RveGt0NWp4MQ%3D%3D&amp;utm_source=qr\">instagramov\u00fd \u00fa\u010det<\/a>. \u017dije sv\u00fdm \u017eivotem a nesm\u00edrn\u011b ho bav\u00ed nov\u00e9 v\u011bci. Co t\u0159eba takov\u00fd z\u00e1bavn\u00fd minikurz n\u011bm\u010diny? \ud83d\ude42<\/p>\n\n\n\n<figure class=\"wp-block-image size-large is-style-rounded\"><img loading=\"lazy\" decoding=\"async\" width=\"700\" height=\"695\" src=\"https:\/\/www.andelskamartina.cz\/wp-content\/uploads\/2026\/03\/spunkvan-700x695.jpg\" alt=\"\" class=\"wp-image-656\" style=\"aspect-ratio:1;object-fit:cover\" srcset=\"https:\/\/www.andelskamartina.cz\/wp-content\/uploads\/2026\/03\/spunkvan-700x695.jpg 700w, https:\/\/www.andelskamartina.cz\/wp-content\/uploads\/2026\/03\/spunkvan-300x298.jpg 300w, https:\/\/www.andelskamartina.cz\/wp-content\/uploads\/2026\/03\/spunkvan-150x150.jpg 150w, https:\/\/www.andelskamartina.cz\/wp-content\/uploads\/2026\/03\/spunkvan-768x762.jpg 768w, https:\/\/www.andelskamartina.cz\/wp-content\/uploads\/2026\/03\/spunkvan-100x100.jpg 100w, https:\/\/www.andelskamartina.cz\/wp-content\/uploads\/2026\/03\/spunkvan.jpg 828w\" sizes=\"auto, (max-width: 700px) 100vw, 700px\" \/><figcaption class=\"wp-element-caption\">Screenshot<\/figcaption><\/figure>\n\n\n\n<iframe loading=\"lazy\" src=\"https:\/\/spunkvan.netlify.app\/\" \n        width=\"100%\" height=\"700px\" \n        style=\"border:none;\">\n<\/iframe>\n\n\n\n<p><\/p>\n","protected":false},"excerpt":{"rendered":"<p>\u0160punkva\u0148 se stal tak trochu legendou. Z p\u016fvodn\u00edho obrazu vznikla postavi\u010dka s posl\u00e1n\u00edm \u2014 zachovat \u00fasm\u011bv na tv\u00e1\u0159i a klidnou mysl. M\u00e1 sv\u016fj vlastn\u00ed instagramov\u00fd \u00fa\u010det. \u017dije sv\u00fdm \u017eivotem a nesm\u00edrn\u011b ho bav\u00ed nov\u00e9 v\u011bci. Co t\u0159eba takov\u00fd z\u00e1bavn\u00fd minikurz n\u011bm\u010diny? \ud83d\ude42<\/p>\n","protected":false},"author":1,"featured_media":0,"parent":346,"menu_order":0,"comment_status":"closed","ping_status":"closed","template":"","meta":{"_exactmetrics_skip_tracking":false,"_exactmetrics_sitenote_active":false,"_exactmetrics_sitenote_note":"","_exactmetrics_sitenote_category":0,"footnotes":""},"class_list":["post-642","page","type-page","status-publish","hentry"],"_links":{"self":[{"href":"https:\/\/www.andelskamartina.cz\/index.php\/wp-json\/wp\/v2\/pages\/642","targetHints":{"allow":["GET"]}}],"collection":[{"href":"https:\/\/www.andelskamartina.cz\/index.php\/wp-json\/wp\/v2\/pages"}],"about":[{"href":"https:\/\/www.andelskamartina.cz\/index.php\/wp-json\/wp\/v2\/types\/page"}],"author":[{"embeddable":true,"href":"https:\/\/www.andelskamartina.cz\/index.php\/wp-json\/wp\/v2\/users\/1"}],"replies":[{"embeddable":true,"href":"https:\/\/www.andelskamartina.cz\/index.php\/wp-json\/wp\/v2\/comments?post=642"}],"version-history":[{"count":5,"href":"https:\/\/www.andelskamartina.cz\/index.php\/wp-json\/wp\/v2\/pages\/642\/revisions"}],"predecessor-version":[{"id":658,"href":"https:\/\/www.andelskamartina.cz\/index.php\/wp-json\/wp\/v2\/pages\/642\/revisions\/658"}],"up":[{"embeddable":true,"href":"https:\/\/www.andelskamartina.cz\/index.php\/wp-json\/wp\/v2\/pages\/346"}],"wp:attachment":[{"href":"https:\/\/www.andelskamartina.cz\/index.php\/wp-json\/wp\/v2\/media?parent=642"}],"curies":[{"name":"wp","href":"https:\/\/api.w.org\/{rel}","templated":true}]}}

Špunkvaň

<p>Špunkvaň se stal tak trochu legendou. Z původního obrazu vznikla postavička s posláním — zachovat úsměv na tváři a klidnou mysl. Má svůj vlastní <a href="https://www.instagram.com/spunkvan?igsh=MTJib2RveGt0NWp4MQ%3D%3D&amp;utm_source=qr">instagramový účet</a>. Žije svým životem a nesmírně ho baví nové věci. Co třeba takový zábavný minikurz němčiny? 🙂</p>



<figure class="wp-block-image size-large is-style-rounded"><img loading="lazy" decoding="async" width="700" height="695" src="https://www.andelskamartina.cz/wp-content/uploads/2026/03/spunkvan-700x695.jpg" alt="" class="wp-image-656" style="aspect-ratio:1;object-fit:cover" srcset="https://www.andelskamartina.cz/wp-content/uploads/2026/03/spunkvan-700x695.jpg 700w, https://www.andelskamartina.cz/wp-content/uploads/2026/03/spunkvan-300x298.jpg 300w, https://www.andelskamartina.cz/wp-content/uploads/2026/03/spunkvan-150x150.jpg 150w, https://www.andelskamartina.cz/wp-content/uploads/2026/03/spunkvan-768x762.jpg 768w, https://www.andelskamartina.cz/wp-content/uploads/2026/03/spunkvan-100x100.jpg 100w, https://www.andelskamartina.cz/wp-content/uploads/2026/03/spunkvan.jpg 828w" sizes="auto, (max-width: 700px) 100vw, 700px" /><figcaption class="wp-element-caption">Screenshot</figcaption></figure>



<iframe loading="lazy" src="https://spunkvan.netlify.app/" 
        width="100%" height="700px" 
        style="border:none;">
</iframe>



<p></p>

<p>Špunkvaň se stal tak trochu legendou. Z původního obrazu vznikla postavička s posláním — zachovat úsměv na tváři a klidnou mysl. Má svůj vlastní instagramový účet. Žije svým životem a nesmírně ho baví nové věci. Co třeba takový zábavný minikurz němčiny? 🙂</p>
