{"id":10,"date":"2019-02-25T19:03:02","date_gmt":"2019-02-25T19:03:02","guid":{"rendered":"http:\/\/www.andelskamartina.cz\/?page_id=10"},"modified":"2025-10-06T12:52:03","modified_gmt":"2025-10-06T12:52:03","slug":"blog","status":"publish","type":"page","link":"https:\/\/www.andelskamartina.cz\/index.php\/blog\/","title":{"rendered":"Aktu\u00e1ln\u00ed tvorba"},"content":{"rendered":"\n<p>Tvorba je rozhovor mezi viditeln\u00fdm a skryt\u00fdm.<br>Obrazy jsou \u00fasty du\u0161e \u2014 m\u00fdmi \u00fasty, kter\u00fdmi sd\u00edl\u00edm sv\u00e9 vize, a z\u00e1rove\u0148 zrcadlem, v n\u011bm\u017e se odr\u00e1\u017e\u00ed du\u0161e t\u011bch, kdo je p\u0159ij\u00edmaj\u00ed. V\u0161ak si spolu m\u016f\u017eeme v jednotliv\u00fdch sekc\u00edch promluvit :-).<\/p>\n\n\n\n<div class=\"wp-block-group\"><div class=\"wp-block-group__inner-container is-layout-flow wp-block-group-is-layout-flow\">\n<div class=\"wp-block-group\"><div class=\"wp-block-group__inner-container is-layout-flow wp-block-group-is-layout-flow\">\n<p><\/p>\n\n\n<div class=\"wp-block-image\">\n<figure class=\"aligncenter size-large\"><img loading=\"lazy\" decoding=\"async\" width=\"700\" height=\"698\" src=\"https:\/\/www.andelskamartina.cz\/wp-content\/uploads\/2022\/12\/B106A4CE-C433-43B0-A5AF-2334F4170FBF-700x698.png\" alt=\"\" class=\"wp-image-493\" srcset=\"https:\/\/www.andelskamartina.cz\/wp-content\/uploads\/2022\/12\/B106A4CE-C433-43B0-A5AF-2334F4170FBF-700x698.png 700w, https:\/\/www.andelskamartina.cz\/wp-content\/uploads\/2022\/12\/B106A4CE-C433-43B0-A5AF-2334F4170FBF-300x300.png 300w, https:\/\/www.andelskamartina.cz\/wp-content\/uploads\/2022\/12\/B106A4CE-C433-43B0-A5AF-2334F4170FBF-150x150.png 150w, https:\/\/www.andelskamartina.cz\/wp-content\/uploads\/2022\/12\/B106A4CE-C433-43B0-A5AF-2334F4170FBF-768x766.png 768w, https:\/\/www.andelskamartina.cz\/wp-content\/uploads\/2022\/12\/B106A4CE-C433-43B0-A5AF-2334F4170FBF-1536x1532.png 1536w, https:\/\/www.andelskamartina.cz\/wp-content\/uploads\/2022\/12\/B106A4CE-C433-43B0-A5AF-2334F4170FBF-2048x2042.png 2048w, https:\/\/www.andelskamartina.cz\/wp-content\/uploads\/2022\/12\/B106A4CE-C433-43B0-A5AF-2334F4170FBF-100x100.png 100w\" sizes=\"auto, (max-width: 700px) 100vw, 700px\" \/><figcaption class=\"wp-element-caption\">Zv\u00ed\u0159e v n\u00e1s <\/figcaption><\/figure>\n<\/div><\/div><\/div>\n<\/div><\/div>\n\n\n\n<p><\/p>\n","protected":false},"excerpt":{"rendered":"<p>Tvorba je rozhovor mezi viditeln\u00fdm a skryt\u00fdm.Obrazy jsou \u00fasty du\u0161e \u2014 m\u00fdmi \u00fasty, kter\u00fdmi sd\u00edl\u00edm sv\u00e9 vize, a z\u00e1rove\u0148 zrcadlem, v n\u011bm\u017e se odr\u00e1\u017e\u00ed du\u0161e t\u011bch, kdo je p\u0159ij\u00edmaj\u00ed. V\u0161ak si spolu m\u016f\u017eeme v jednotliv\u00fdch sekc\u00edch promluvit :-).<\/p>\n","protected":false},"author":1,"featured_media":0,"parent":0,"menu_order":0,"comment_status":"closed","ping_status":"closed","template":"","meta":{"_exactmetrics_skip_tracking":false,"_exactmetrics_sitenote_active":false,"_exactmetrics_sitenote_note":"","_exactmetrics_sitenote_category":0,"footnotes":""},"class_list":["post-10","page","type-page","status-publish","hentry"],"_links":{"self":[{"href":"https:\/\/www.andelskamartina.cz\/index.php\/wp-json\/wp\/v2\/pages\/10","targetHints":{"allow":["GET"]}}],"collection":[{"href":"https:\/\/www.andelskamartina.cz\/index.php\/wp-json\/wp\/v2\/pages"}],"about":[{"href":"https:\/\/www.andelskamartina.cz\/index.php\/wp-json\/wp\/v2\/types\/page"}],"author":[{"embeddable":true,"href":"https:\/\/www.andelskamartina.cz\/index.php\/wp-json\/wp\/v2\/users\/1"}],"replies":[{"embeddable":true,"href":"https:\/\/www.andelskamartina.cz\/index.php\/wp-json\/wp\/v2\/comments?post=10"}],"version-history":[{"count":27,"href":"https:\/\/www.andelskamartina.cz\/index.php\/wp-json\/wp\/v2\/pages\/10\/revisions"}],"predecessor-version":[{"id":607,"href":"https:\/\/www.andelskamartina.cz\/index.php\/wp-json\/wp\/v2\/pages\/10\/revisions\/607"}],"wp:attachment":[{"href":"https:\/\/www.andelskamartina.cz\/index.php\/wp-json\/wp\/v2\/media?parent=10"}],"curies":[{"name":"wp","href":"https:\/\/api.w.org\/{rel}","templated":true}]}}